 148519?
7, 433
List the prime factors of 25395.
3, 5, 1693
What are the prime factors of 1758?
2, 3, 293
What are the prime factors of 101881?
13, 17, 461
What are the prime factors of 138?
2, 3, 23
List the prime factors of 1648.
2, 103
What are the prime factors of 345?
3, 5, 23
List the prime factors of 52898.
2, 26449
What are the prime factors of 384?
2, 3
List the prime factors of 28248.
2, 3, 11, 107
List the prime factors of 95.
5, 19
What are the prime factors of 2494?
2, 29, 43
List the prime factors of 1397.
11, 127
List the prime factors of 128902.
2, 64451
What are the prime factors of 5887?
7, 29
List the prime factors of 25521.
3, 47, 181
List the prime factors of 615.
3, 5, 41
List the prime factors of 114573.
3, 181, 211
List the prime factors of 12169.
43, 283
List the prime factors of 14773.
11, 17, 79
List the prime factors of 4266.
2, 3, 79
List the prime factors of 731.
17, 43
List the prime factors of 2489.
19, 131
What are the prime factors of 40147?
19, 2113
List the prime factors of 102781.
7, 14683
List the prime factors of 801.
3, 89
List the prime factors of 37839.
3, 12613
What are the prime factors of 2066?
2, 1033
List the prime factors of 2200.
2, 5, 11
List the prime factors of 6396.
2, 3, 13, 41
What are the prime factors of 473?
11, 43
List the prime factors of 33348.
2, 3, 7, 397
What are the prime factors of 3227?
7, 461
What are the prime factors of 5131?
7, 733
What are the prime factors of 18620?
2, 5, 7, 19
List the prime factors of 1506.
2, 3, 251
What are the prime factors of 3083?
3083
What are the prime factors of 82840?
2, 5, 19, 109
List the prime factors of 68428.
2, 17107
List the prime factors of 90349.
7, 12907
List the prime factors of 65312.
2, 13, 157
What are the prime factors of 3621?
3, 17, 71
List the prime factors of 363.
3, 11
What are the prime factors of 33875?
5, 271
List the prime factors of 37500.
2, 3, 5
What are the prime factors of 50?
2, 5
List the prime factors of 2245.
5, 449
What are the prime factors of 3843?
3, 7, 61
What are the prime factors of 15787?
15787
List the prime factors of 1232.
2, 7, 11
List the prime factors of 15985.
5, 23, 139
What are the prime factors of 63682?
2, 17, 1873
What are the prime factors of 1592?
2, 199
What are the prime factors of 3912?
2, 3, 163
List the prime factors of 13298.
2, 61, 109
List the prime factors of 125961.
3, 11, 347
List the prime factors of 2964.
2, 3, 13, 19
List the prime factors of 1649.
17, 97
List the prime factors of 1465.
5, 293
What are the prime factors of 4804?
2, 1201
List the prime factors of 855.
3, 5, 19
List the prime factors of 16635.
3, 5, 1109
List the prime factors of 2699.
2699
What are the prime factors of 837?
3, 31
List the prime factors of 25596.
2, 3, 79
List the prime factors of 43561.
7, 127
What are the prime factors of 5080?
2, 5, 127
List the prime factors of 79719.
3, 26573
What are the prime factors of 5769?
3, 641
What are the prime factors of 1407?
3, 7, 67
What are the prime factors of 1061?
1061
List the prime factors of 23964.
2, 3, 1997
List the prime factors of 2035.
5, 11, 37
List the prime factors of 2456.
2, 307
What are the prime factors of 2539?
2539
List the prime factors of 8293.
8293
List the prime factors of 17355.
3, 5, 13, 89
List the prime factors of 1043.
7, 149
What are the prime factors of 128311?
128311
List the prime factors of 39904.
2, 29, 43
List the prime factors of 21806.
2, 10903
What are the prime factors of 49997?
17, 173
What are the prime factors of 39256?
2, 7, 701
List the prime factors of 2664.
2, 3, 37
What are the prime factors of 4368?
2, 3, 7, 13
List the prime factors of 63211.
63211
What are the prime factors of 5227?
5227
What are the prime factors of 1026?
2, 3, 19
List the prime factors of 11860.
2, 5, 593
List the prime factors of 44014.
2, 59, 373
List the prime factors of 25300.
2, 5, 11, 23
List the prime factors of 5779.
5779
List the prime factors of 8407.
7, 1201
What are the prime factors of 35378?
2, 7, 19
What are the prime factors of 48203?
19, 43, 59
What are the prime factors of 1310?
2, 5, 131
List the prime factors of 604.
2, 151
What are the prime factors of 280?
2, 5, 7
What are the prime factors of 3377?
11, 307
List the prime factors of 8698.
2, 4349
What are the prime factors of 12878?
2, 47, 137
List the prime factors of 1407.
3, 7, 67
List the prime factors of 26468.
2, 13, 509
List the prime factors of 10983.
3, 7, 523
What are the prime factors of 388?
2, 97
What are the prime factors of 1691?
19, 89
What are the prime factors of 1142?
2, 571
What are the prime factors of 220?
2, 5, 11
What are the prime factors of 85204?
2, 7, 17, 179
List the prime factors of 1931.
1931
What are the prime factors of 2339?
2339
List the prime factors of 609.
3, 7, 29
List the prime factors of 687.
3, 229
List the prime factors of 138504.
2, 3, 29, 199
What are the prime factors of 63244?
2, 97, 163
What are the prime factors of 2497?
11, 227
What are the prime factors of 193?
193
List the prime factors of 1570.
2, 5, 157
What are the prime factors of 1457?
31, 47
What are the prime factors of 1247?
29, 43
What are the prime factors of 68149?
23, 2963
List the prime factors of 7733.
11, 19, 37
What are the prime factors of 16900?
2, 5, 13
What are the prime factors of 83?
83
What are the prime factors of 26451?
3, 2939
What are the prime factors of 21088?
2, 659
List the prime factors of 4203.
3, 467
List the prime factors of 8501.
8501
What are the prime factors of 27254?
2, 13627
What are the prime factors of 1106?
2, 7, 79
What are the prime factors of 9955?
5, 11, 181
What are the prime factors of 32209?
31, 1039
List the prime factors of 3804.
2, 3, 317
What are the prime factors of 1444?
2, 19
What are the prime factors of 4703?
4703
What are the prime factors of 7647?
3, 2549
What are the prime factors of 66607?
43, 1549
List the prime factors of 31925.
5, 1277
List the prime factors of 7442.
2, 61
What are the prime factors of 9693?
3, 359
What are the prime factors of 111?
3, 37
List the prime factors of 2341.
2341
List the prime factors of 172122.
2, 3, 28687
What are the prime factors of 12042?
2, 3, 223
What are the prime factors of 7063?
7, 1009
What are the prime factors of 2144?
2, 67
List the prime factors of 74457.
3, 8273
List the prime factors of 3060.
2, 3, 5, 17
List the prime factors of 1490.
2, 5, 149
What are the prime factors of 17144?
2, 2143
List the prime factors of 1727.
11, 157
List the prime factors of 1343.
17, 79
What are the prime factors of 2461?
23, 107
What are the prime factors of 22575?
3, 5, 7, 43
List the prime factors of 1138.
2, 569
What are the prime factors of 855?
3, 5, 19
What are the prime factors of 67715?
5, 29, 467
List the prime factors of 1213.
1213
List the prime factors of 9888.
2, 3, 103
List the prime factors of 22294.
2, 71, 157
What are the prime factors of 19634?
2, 9817
What are the prime factors of 33748?
2, 11, 13, 59
What are the prime factors of 11369?
11369
What are the prime factors of 8769?
3, 37, 79
What are the prime factors of 364?
2, 7, 13
What are the prime factors of 106542?
2, 3, 1973
List the prime factors of 72161.
72161
List the prime factors of 631.
631
List the prime factors of 48770.
2, 5, 4877
List the prime factors of 293.
293
List the prime factors of 1254.
2, 3, 11, 19
What are the prime factors of 47736?
2, 3, 13, 17
What are the prime factors of 91831?
131, 701
List the prime factors of 2050.
2, 5, 41
List the prime factors of 3993.
3, 11
What are the prime factors of 11190?
2, 3, 5, 373
What are the prime factors of 1288?
2, 7, 23
List the prime factors of 19476.
2, 3, 541
List the prime factors of 924.
2, 3, 7, 11
List the prime factors of 30578.
2, 15289
What are the prime factors of 33353?
33353
List the prime factors of 7768.
2, 971
What are the prime factors of 37097?
37097
List the prime factors of 13720.
2, 5, 7
What are the prime factors of 330?
2, 3, 5, 11
What are the prime factors of 410?
2, 5, 41
What are the prime factors of 771?
3, 257
What are the prime factors of 159?
3, 53
What are the prime factors of 8047?
13, 619
List the prime factors of 5750.
2, 5, 23
List the prime factors of 4309.
31, 139
What are the prime factors of 26